{"id":10894,"date":"2021-10-01T13:01:38","date_gmt":"2021-10-01T10:01:38","guid":{"rendered":"https:\/\/adhoc.com.tr\/?page_id=10894"},"modified":"2023-01-11T19:05:47","modified_gmt":"2023-01-11T16:05:47","slug":"privacy-policy","status":"publish","type":"page","link":"https:\/\/adhoc.com.tr\/index.php\/language\/en\/privacy-policy\/","title":{"rendered":"Privacy Policy"},"content":{"rendered":"\t\t<div data-elementor-type=\"wp-page\" data-elementor-id=\"10894\" class=\"elementor elementor-10894\" data-elementor-post-type=\"page\">\n\t\t\t\t\t\t<section class=\"elementor-section elementor-top-section elementor-element elementor-element-bd9e9d3 elementor-section-boxed elementor-section-height-default elementor-section-height-default\" data-id=\"bd9e9d3\" data-element_type=\"section\">\n\t\t\t\t\t\t<div class=\"elementor-container elementor-column-gap-wider\">\n\t\t\t\t\t<div class=\"elementor-column elementor-col-100 elementor-top-column elementor-element elementor-element-94c5a7a\" data-id=\"94c5a7a\" data-element_type=\"column\">\n\t\t\t<div class=\"elementor-widget-wrap elementor-element-populated\">\n\t\t\t\t\t\t<div class=\"elementor-element elementor-element-166dd67 elementor-widget elementor-widget-text-editor\" data-id=\"166dd67\" data-element_type=\"widget\" data-widget_type=\"text-editor.default\">\n\t\t\t\t<div class=\"elementor-widget-container\">\n\t\t\t\t\t\t\t\t\t<p style=\"font-weight: 400;\"><strong><u>ON THE PROTECTION AND PROCESSING OF PERSONAL DATA\u00a0<\/u><\/strong><\/p><p style=\"font-weight: 400;\"><strong><u>GENERAL DISCLOSURE TEXT<\/u><\/strong><\/p><p style=\"font-weight: 400;\">As ADHOC Research Consultancy and Education Limited Company (&#8220;<strong>ADHOC<\/strong>&#8221;\u00a0<strong>or &#8220;company&#8221;)<\/strong>, we show maximum sensitivity to the security of your personal data. In this respect, we attach great importance to the processing and preservation of personal data belonging to natural persons with whom the Foundation interacts in accordance with the Law No. 6698 on the Protection of Personal Data (&#8220;<strong>Law<\/strong>&#8220;), the secondary regulations (regulations, communiqu\u00e9s, circulars) enacted and to be enacted under the Law, and the binding decisions taken and to be taken by the Personal Data Protection Board. As a requirement of this responsibility and in the capacity of &#8220;Data Controller&#8221; as defined in the text of the Law, we process your personal data within the scope of the relevant commercial relations as explained below and within the limits prescribed by the legislation.<\/p><ol><li><strong>Information on the Data Controller\u00a0<\/strong><\/li><\/ol><p style=\"font-weight: 400;\">Pursuant to the Law, registered in the Istanbul Trade Registry Office with the registration number 703360, Cafera\u011fa Mah. Moda Cad. No:5 Kad\u0131k\u00f6y \/ Istanbul, ADHOC is the Data Controller.<\/p><ul><li><strong>Purposes of Processing Personal Data<\/strong><\/li><\/ul><p style=\"font-weight: 400;\">Your personal data may be used by the company conducting the necessary studies by the company&#8217;s business units in order to fulfill the social or commercial activities carried out by the company in accordance with the legislation and company policies and carrying out activities in this direction, determining, planning and implementing the company&#8217;s short, medium and long term sustainability policies, designing and carrying out the company&#8217;s human resources activities, It is processed within the framework of the limits specified in the Law for the purposes of fulfilling the company&#8217;s obligations arising from the relevant legislation, managing customer relations and corporate communication processes, and ensuring the commercial and legal security of real and legal persons with whom the company has communication and business relations within the framework of the limits specified in the Law, in accordance with the law, good faith and always connected, limited and measured for these purposes.<\/p><ul><li><strong>Transfer of Personal Data<\/strong><\/li><\/ul><p style=\"font-weight: 400;\">Within the scope of the above-mentioned purposes, in accordance with the conditions specified in Articles 8 and 9 of the Law, your personal data are transferred to legally authorized public institutions, judicial and administrative authorities, private law legal and real persons permitted by other legislation, institutions and organizations authorized to audit the company, payment institutions contracted for the fulfillment of payments and financial obligations, business partners from whom services are received or cooperated for the execution and development of the company&#8217;s activities, and only when necessary, to the suppliers of the company by taking the data security measures specified in the Law.\u00a0<\/p><ul><li><strong>Method and Legal Grounds for Collection of Personal Data\u00a0<\/strong><\/li><\/ul><p style=\"font-weight: 400;\">Your personal data are collected by the authorized units and employees of the company by automatic and non-automatic methods, verbally, in writing, in visual or electronic media. In this context, personal data in the category of identity, communication, location, customer transaction, physical space security, transaction security, risk management, finance, professional experience, visual and audio records; Personal data in the second paragraph of Article 5 of the Law. The processing of personal data belonging to the parties to the contract\/agreement is mandatory due to the fact that it is directly related to the establishment or performance of a contract\/agreement shown in the second paragraph of Article 5 of the Law, data processing is mandatory for the data controller to fulfill its legal obligation, data processing is mandatory for the legitimate interests of ADHOC, provided that it is made public by the person concerned and does not harm the fundamental rights and freedoms of the person concerned. is processed based on legal reasons.\u00a0<\/p><ul><li><strong>Rights of Data Subjects under the Law<\/strong><\/li><\/ul><p style=\"font-weight: 400;\">By contacting ADHOC at any time;<\/p><ul><li>Learn whether your personal data is being processed,\u00a0<\/li><li>Request information if your personal data has been processed,<\/li><li>To learn the purpose of processing your personal data and whether they are used in accordance with their purpose,\u00a0<\/li><li>To know the third parties to whom your personal data is transferred domestically or abroad,\u00a0<\/li><li>To request correction of your personal data in case of incomplete or incorrect processing,\u00a0<\/li><li>To request the deletion or destruction of personal data within the framework of the conditions stipulated in Article 7 of the Law,\u00a0<\/li><li>To request notification of the transactions made pursuant to subparagraphs (d) and (e) of Article 11 of the Law to third parties to whom your personal data have been transferred,\u00a0<\/li><li>Object to the occurrence of a result to your detriment by analyzing your processed data exclusively through automated systems,<\/li><li>To request compensation for damages in case you suffer damage due to unlawful processing of your personal data,<\/li><\/ul><p style=\"font-weight: 400;\">You may request to exercise your rights. You can submit your requests regarding your rights and the implementation of the Law by filling out the application form that you can obtain from the workplace or www.adhoc.com.tr and submit it with wet signature to Cafera\u011fa Mah. Moda Cad. No:5 Kad\u0131k\u00f6y \/ Istanbul via notary public, registered mail with return receipt requested or by your personal application or after signing the application form you filled in the electronic environment with your mobile signature, secure electronic signature, you can send it to\u00a0<a href=\"mailto:info@adhoc.com.tr\">info@adhoc.com.tr<\/a>\u00a0using your KEP address or your e-mail address already registered in ADHOC&#8217;s data recording system. ADHOC will respond to the requests within this scope in writing, without charging a fee up to ten pages; for each page over ten pages, ADHOC will charge a transaction fee of 1 Turkish Lira. If the response to the application is given in a recording medium such as CD, flash memory, the fee that may be requested by the company shall not exceed the cost of the recording medium.<\/p><h2><!-- \/wp:paragraph --><!-- wp:paragraph --><\/h2><h2><!-- \/wp:paragraph --><!-- wp:paragraph --><\/h2>\t\t\t\t\t\t\t\t<\/div>\n\t\t\t\t<\/div>\n\t\t\t\t\t<\/div>\n\t\t<\/div>\n\t\t\t\t\t<\/div>\n\t\t<\/section>\n\t\t\t\t<\/div>\n\t\t","protected":false},"excerpt":{"rendered":"<p>ON THE PROTECTION AND PROCESSING OF PERSONAL DATA\u00a0 GENERAL DISCLOSURE TEXT As ADHOC Research Consultancy and Education Limited Company (&#8220;ADHOC&#8221;\u00a0or &#8220;company&#8221;), we show maximum sensitivity to the security of your personal data. In this respect, we attach great importance to the processing and preservation of personal data belonging to natural persons with whom the Foundation&hellip;<\/p>\n","protected":false},"author":1,"featured_media":0,"parent":0,"menu_order":800,"comment_status":"closed","ping_status":"closed","template":"","meta":{"jetpack_post_was_ever_published":false,"footnotes":""},"class_list":["post-10894","page","type-page","status-publish","hentry"],"jetpack_sharing_enabled":true,"jetpack_shortlink":"https:\/\/wp.me\/P9Bq60-2PI","jetpack-related-posts":[{"id":10889,"url":"https:\/\/adhoc.com.tr\/index.php\/language\/en\/cookie-policy\/","url_meta":{"origin":10894,"position":0},"title":"Cookie Policy","author":"admin","date":"6 Eyl\u00fcl 2022","format":false,"excerpt":"INFORMATION TEXT ON THE USE OF COOKIES ON THE WEBSITEAs ADHOC Research Consultancy and Training Limited Company (\"ADHOC\"), we show the utmost sensitivity for the processing and protection of personal data belonging to you, our www.adhoc.com.tr (\"Website\")\u00a0visitors, in accordance with the Law No. 6698 on the Protection of Personal Data\u2026","rel":"","context":"Benzer yaz\u0131","block_context":{"text":"Benzer yaz\u0131","link":""},"img":{"alt_text":"","src":"","width":0,"height":0},"classes":[]},{"id":10860,"url":"https:\/\/adhoc.com.tr\/index.php\/language\/en\/home\/","url_meta":{"origin":10894,"position":1},"title":"Home","author":"admin","date":"10 Ocak 2023","format":false,"excerpt":"As Adhoc Research Consultancy Analysis Strategy ; We aim to meet the need of information of the private sector, academia, public, and civil society and contribute to the transformation of information into strategy in line with the objectives of the institutions. We contribute to the strategy studies of institutions and\u2026","rel":"","context":"Benzer yaz\u0131","block_context":{"text":"Benzer yaz\u0131","link":""},"img":{"alt_text":"","src":"data:image\/svg+xml,%3Csvg%20xmlns%3D'http%3A%2F%2Fwww.w3.org%2F2000%2Fsvg'%20viewBox%3D'0%200%20900%20600'%2F%3E","width":350,"height":200,"srcset":"data:image\/svg+xml,%3Csvg%20xmlns%3D'http%3A%2F%2Fwww.w3.org%2F2000%2Fsvg'%20viewBox%3D'0%200%20900%20600'%2F%3E 1x, data:image\/svg+xml,%3Csvg%20xmlns%3D'http%3A%2F%2Fwww.w3.org%2F2000%2Fsvg'%20viewBox%3D'0%200%20900%20600'%2F%3E 1.5x, data:image\/svg+xml,%3Csvg%20xmlns%3D'http%3A%2F%2Fwww.w3.org%2F2000%2Fsvg'%20viewBox%3D'0%200%20900%20600'%2F%3E 2x"},"classes":[]},{"id":10884,"url":"https:\/\/adhoc.com.tr\/index.php\/language\/en\/ad_manifest\/","url_meta":{"origin":10894,"position":2},"title":"Ad_manifest","author":"admin","date":"11 Mart 2020","format":false,"excerpt":"\u201cWhat is rational is factual,\u00a0what is factual is relational.\u201d Beyond being a \"research company\", Adhoc is a team of researchers comprising social scientists who feed on researches \u2013 in more precise terms, who establish worlds of meaning with scientific knowledge.\u00a0It is sceptical and curious. It examines the foundations, certainties and\u2026","rel":"","context":"Benzer yaz\u0131","block_context":{"text":"Benzer yaz\u0131","link":""},"img":{"alt_text":"","src":"","width":0,"height":0},"classes":[]},{"id":10899,"url":"https:\/\/adhoc.com.tr\/index.php\/language\/en\/public-reports\/","url_meta":{"origin":10894,"position":3},"title":"Public Reports","author":"admin","date":"18 Mart 2020","format":false,"excerpt":"Representation of NGOs in National Media: Media AnalysisThe scope of this research was carried out within the frame of the \u201cStrengthening Civil Dialogue\u201d Project and supported by the European Union. An analysis was conducted that will contribute to understanding how visible civil society organizations operating in Turkey are in the\u2026","rel":"","context":"Benzer yaz\u0131","block_context":{"text":"Benzer yaz\u0131","link":""},"img":{"alt_text":"","src":"","width":0,"height":0},"classes":[]},{"id":10874,"url":"https:\/\/adhoc.com.tr\/index.php\/language\/en\/models\/","url_meta":{"origin":10894,"position":4},"title":"Models","author":"admin","date":"16 Mart 2020","format":false,"excerpt":"Under construction This page will be avaliable soon.","rel":"","context":"Benzer yaz\u0131","block_context":{"text":"Benzer yaz\u0131","link":""},"img":{"alt_text":"","src":"","width":0,"height":0},"classes":[]}],"_links":{"self":[{"href":"https:\/\/adhoc.com.tr\/index.php\/wp-json\/wp\/v2\/pages\/10894","targetHints":{"allow":["GET"]}}],"collection":[{"href":"https:\/\/adhoc.com.tr\/index.php\/wp-json\/wp\/v2\/pages"}],"about":[{"href":"https:\/\/adhoc.com.tr\/index.php\/wp-json\/wp\/v2\/types\/page"}],"author":[{"embeddable":true,"href":"https:\/\/adhoc.com.tr\/index.php\/wp-json\/wp\/v2\/users\/1"}],"replies":[{"embeddable":true,"href":"https:\/\/adhoc.com.tr\/index.php\/wp-json\/wp\/v2\/comments?post=10894"}],"version-history":[{"count":4,"href":"https:\/\/adhoc.com.tr\/index.php\/wp-json\/wp\/v2\/pages\/10894\/revisions"}],"predecessor-version":[{"id":10898,"href":"https:\/\/adhoc.com.tr\/index.php\/wp-json\/wp\/v2\/pages\/10894\/revisions\/10898"}],"wp:attachment":[{"href":"https:\/\/adhoc.com.tr\/index.php\/wp-json\/wp\/v2\/media?parent=10894"}],"curies":[{"name":"wp","href":"https:\/\/api.w.org\/{rel}","templated":true}]}}