{"id":10889,"date":"2022-09-06T11:49:32","date_gmt":"2022-09-06T08:49:32","guid":{"rendered":"https:\/\/adhoc.com.tr\/?page_id=10889"},"modified":"2023-01-11T19:04:23","modified_gmt":"2023-01-11T16:04:23","slug":"cookie-policy","status":"publish","type":"page","link":"https:\/\/adhoc.com.tr\/index.php\/language\/en\/cookie-policy\/","title":{"rendered":"Cookie Policy"},"content":{"rendered":"\t\t<div data-elementor-type=\"wp-page\" data-elementor-id=\"10889\" class=\"elementor elementor-10889\" data-elementor-post-type=\"page\">\n\t\t\t\t\t\t<section class=\"elementor-section elementor-top-section elementor-element elementor-element-4230ca2 elementor-section-boxed elementor-section-height-default elementor-section-height-default\" data-id=\"4230ca2\" data-element_type=\"section\">\n\t\t\t\t\t\t<div class=\"elementor-container elementor-column-gap-wider\">\n\t\t\t\t\t<div class=\"elementor-column elementor-col-100 elementor-top-column elementor-element elementor-element-f7cf22c\" data-id=\"f7cf22c\" data-element_type=\"column\">\n\t\t\t<div class=\"elementor-widget-wrap elementor-element-populated\">\n\t\t\t\t\t\t<div class=\"elementor-element elementor-element-e5a9483 elementor-widget elementor-widget-text-editor\" data-id=\"e5a9483\" data-element_type=\"widget\" data-widget_type=\"text-editor.default\">\n\t\t\t\t<div class=\"elementor-widget-container\">\n\t\t\t\t\t\t\t\t\t<p style=\"font-weight: 400;\"><strong><u>INFORMATION TEXT ON THE USE OF COOKIES ON THE WEBSITE<\/u><\/strong><\/p><p style=\"font-weight: 400;\">As ADHOC Research Consultancy and Training Limited Company (&#8220;<strong>ADHOC<\/strong>&#8220;), we show the utmost sensitivity for the processing and protection of personal data belonging to you, our www.adhoc.com.tr (<strong>&#8220;Website<em>&#8220;)<\/em><\/strong>\u00a0visitors, in accordance with the Law No. 6698 on the Protection of Personal Data and its secondary regulations (<strong>&#8220;KVK Legislation<\/strong>&#8220;).<\/p><p style=\"font-weight: 400;\">As\u00a0<strong>ADHOC Research\u00a0<\/strong>, within the scope of the disclosure obligation arising from the Personal Data Protection legislation, we would like to inform you about the cookies used by our website and your personal data processed by this means with this &#8220;Information Text on the Use of Cookies on the Website&#8221;.\u00a0<\/p><p style=\"font-weight: 400;\"><strong>Which Types of Cookies Do We Use?<\/strong><\/p><p style=\"font-weight: 400;\">Cookies\u00a0<em>are<\/em>\u00a0small text files created by a website on your device and contain data in name-value format. Therefore, the cookies we use when you visit our Site make it possible to store information about your site visit on your device and to use this information during your subsequent visits.\u00a0<\/p><p style=\"font-weight: 400;\">Cookies that are created by our Site and can only be read by our Site are\u00a0<strong>primary cookies.<\/strong><\/p><p style=\"font-weight: 400;\">The content offered on our site is also provided through domains other than the domain name at the access address. In such cases, each domain name creates its own exclusive\u00a0<strong>third-party cookies<\/strong>.\u00a0<\/p><p style=\"font-weight: 400;\">The types of cookies we use on our website and our purposes for using these cookies are as follows:\u00a0\u00a0<\/p><table style=\"font-weight: 400;\" width=\"1140\"><tbody><tr><td><p><strong>No.<\/strong><\/p><\/td><td><p><strong>Cookie Type<\/strong><\/p><\/td><td><p><strong>Intended Use<\/strong><\/p><\/td><\/tr><tr><td><p><strong>1.<\/strong><\/p><\/td><td><p><strong>Session Cookies<\/strong><\/p><\/td><td><p>Session cookies are cookies that are valid during your use of the Website and remain valid until you close your internet browser.<\/p><\/td><\/tr><tr><td><p><strong>2.<\/strong><\/p><\/td><td><p><strong>Persistent Cookies<\/strong><\/p><\/td><td><p>These cookies are cookies that are stored in your browser and remain valid until they are deleted by you or until the expiration date.\u00a0<\/p><\/td><\/tr><tr><td><p><strong>3.<\/strong><\/p><\/td><td><p><strong>Mandatory Cookies<\/strong><\/p><\/td><td><p>These are cookies that are mandatory for the Website to function properly and for you to benefit from its features and services offered.<\/p><\/td><\/tr><tr><td><p><strong>4.<\/strong><\/p><\/td><td><p><strong>Functional and Analytical Cookies<\/strong><\/p><\/td><td><p>These are cookies that are used for purposes such as remembering your behavior and preferences during your visit to our Site, using our Site effectively, optimizing our Site to respond to your requests and containing data about how you use the site. Due to their nature, these types of cookies may contain your personal data. By means of these cookies, for example, your preference for the language in which our Site is displayed is processed.\u00a0<\/p><\/td><\/tr><\/tbody><\/table><p style=\"font-weight: 400;\">We aim to provide you with a more efficient and functional internet experience with the third party cookies we use on our site. A KVK Confidentiality Agreement has been concluded between these third party service providers and<strong>\u00a0ADHOC\u00a0<\/strong>in accordance with the KVK legislation and the security of your personal data obtained by these persons on behalf of<strong>\u00a0ADHOC\u00a0<\/strong>is guaranteed.\u00a0<\/p><p style=\"font-weight: 400;\"><strong>Storing and Accessing Cookies<\/strong><\/p><p style=\"font-weight: 400;\">Cookies created by our Site are stored on your computer by your website browser that you use to access our Site. The information contained in these cookies can only be accessed remotely by our Site offered under the domain name\u00a0<a href=\"https:\/\/adhoc.com.tr\/\">www.adhoc.com.tr<\/a>, which creates the cookie, and only if you use the same browser.<\/p><p style=\"font-weight: 400;\"><strong>It is Up to You to Accept Cookies<\/strong><\/p><p style=\"font-weight: 400;\">Your Internet browsers usually automatically accept cookies used on the sites you visit. The use of cookies is not mandatory in order to use our Website, but if you set your browser to block all cookies, the quality of your user experience may decrease and may prevent you from accessing our Website or utilizing various functions of our Website.<\/p><p style=\"font-weight: 400;\">You can configure your browser to block cookies for all sites or specific sites, warn when cookies are created, block third-party cookies, or count all cookies as session cookies.\u00a0<\/p><p style=\"font-weight: 400;\">On the other hand, you can delete cookies stored on your device via your browser or view and track the list and values of these cookies.<\/p><p style=\"font-weight: 400;\">For more information about cookies, please visit<strong>\u00a0<\/strong><a href=\"about:blank\">www.aboutcookies.org<\/a>\u00a0and\u00a0<a href=\"about:blank\">www.youronlinechoices.eu<\/a>. Site content is in English.\u00a0<\/p><p style=\"font-weight: 400;\"><strong>Security of Your Personal Data<\/strong><\/p><p style=\"font-weight: 400;\">Cookies are not used for purposes other than those specified in this Cookie Information Text and all related transactions are carried out in accordance with the KVK legislation. Your personal data obtained through cookies are processed, stored and secured by\u00a0<strong>ADHOC\u00a0<\/strong>in accordance with the PDP legislation.<\/p><p style=\"font-weight: 400;\"><strong>Your Right to Information<\/strong><\/p><p style=\"font-weight: 400;\">Within the scope of Article 11 of the KVK Law, your personal data by applying\u00a0<strong>to ADHOC\u00a0<\/strong>;\u00a0<\/p><ul><li>Learn whether your personal data is being processed,\u00a0<\/li><li>Request information if your personal data has been processed,<\/li><li>To learn the purpose of processing your personal data and whether they are used in accordance with their purpose,\u00a0<\/li><li>To know the third parties to whom your personal data is transferred domestically or abroad,\u00a0<\/li><li>To request correction of your personal data in case of incomplete or incorrect processing,\u00a0<\/li><li>To request the deletion or destruction of personal data within the framework of the conditions stipulated in Article 7 of the Law,\u00a0<\/li><li>To request notification of the transactions made pursuant to subparagraphs (d) and (e) of Article 11 of the Law to third parties to whom your personal data have been transferred,\u00a0<\/li><li>Object to the occurrence of a result to your detriment by analyzing your processed data exclusively through automated systems,<\/li><li>In case you suffer damage due to unlawful processing of your personal data, we inform you that you have the right to demand compensation for the damage.<\/li><\/ul><p style=\"font-weight: 400;\">This Cookie Information Text may be updated in order to comply with KVK legislation due to our changing processes. If you are on our automatic e-mail mailing list, you will be notified of our updates via e-mail. If you are not on our automatic e-mail list, we kindly ask you to visit our website frequently for updates.<\/p>\t\t\t\t\t\t\t\t<\/div>\n\t\t\t\t<\/div>\n\t\t\t\t\t<\/div>\n\t\t<\/div>\n\t\t\t\t\t<\/div>\n\t\t<\/section>\n\t\t\t\t<\/div>\n\t\t","protected":false},"excerpt":{"rendered":"<p>INFORMATION TEXT ON THE USE OF COOKIES ON THE WEBSITE As ADHOC Research Consultancy and Training Limited Company (&#8220;ADHOC&#8220;), we show the utmost sensitivity for the processing and protection of personal data belonging to you, our www.adhoc.com.tr (&#8220;Website&#8220;)\u00a0visitors, in accordance with the Law No. 6698 on the Protection of Personal Data and its secondary regulations&hellip;<\/p>\n","protected":false},"author":1,"featured_media":0,"parent":0,"menu_order":990,"comment_status":"closed","ping_status":"closed","template":"","meta":{"jetpack_post_was_ever_published":false,"footnotes":""},"class_list":["post-10889","page","type-page","status-publish","hentry"],"jetpack_sharing_enabled":true,"jetpack_shortlink":"https:\/\/wp.me\/P9Bq60-2PD","jetpack-related-posts":[{"id":10894,"url":"https:\/\/adhoc.com.tr\/index.php\/language\/en\/privacy-policy\/","url_meta":{"origin":10889,"position":0},"title":"Privacy Policy","author":"admin","date":"1 Ekim 2021","format":false,"excerpt":"ON THE PROTECTION AND PROCESSING OF PERSONAL DATA\u00a0GENERAL DISCLOSURE TEXTAs ADHOC Research Consultancy and Education Limited Company (\"ADHOC\"\u00a0or \"company\"), we show maximum sensitivity to the security of your personal data. In this respect, we attach great importance to the processing and preservation of personal data belonging to natural persons with\u2026","rel":"","context":"Benzer yaz\u0131","block_context":{"text":"Benzer yaz\u0131","link":""},"img":{"alt_text":"","src":"","width":0,"height":0},"classes":[]},{"id":10860,"url":"https:\/\/adhoc.com.tr\/index.php\/language\/en\/home\/","url_meta":{"origin":10889,"position":1},"title":"Home","author":"admin","date":"10 Ocak 2023","format":false,"excerpt":"As Adhoc Research Consultancy Analysis Strategy ; We aim to meet the need of information of the private sector, academia, public, and civil society and contribute to the transformation of information into strategy in line with the objectives of the institutions. We contribute to the strategy studies of institutions and\u2026","rel":"","context":"Benzer yaz\u0131","block_context":{"text":"Benzer yaz\u0131","link":""},"img":{"alt_text":"","src":"data:image\/svg+xml,%3Csvg%20xmlns%3D'http%3A%2F%2Fwww.w3.org%2F2000%2Fsvg'%20viewBox%3D'0%200%20900%20600'%2F%3E","width":350,"height":200,"srcset":"data:image\/svg+xml,%3Csvg%20xmlns%3D'http%3A%2F%2Fwww.w3.org%2F2000%2Fsvg'%20viewBox%3D'0%200%20900%20600'%2F%3E 1x, data:image\/svg+xml,%3Csvg%20xmlns%3D'http%3A%2F%2Fwww.w3.org%2F2000%2Fsvg'%20viewBox%3D'0%200%20900%20600'%2F%3E 1.5x, data:image\/svg+xml,%3Csvg%20xmlns%3D'http%3A%2F%2Fwww.w3.org%2F2000%2Fsvg'%20viewBox%3D'0%200%20900%20600'%2F%3E 2x"},"classes":[]},{"id":10899,"url":"https:\/\/adhoc.com.tr\/index.php\/language\/en\/public-reports\/","url_meta":{"origin":10889,"position":2},"title":"Public Reports","author":"admin","date":"18 Mart 2020","format":false,"excerpt":"Representation of NGOs in National Media: Media AnalysisThe scope of this research was carried out within the frame of the \u201cStrengthening Civil Dialogue\u201d Project and supported by the European Union. An analysis was conducted that will contribute to understanding how visible civil society organizations operating in Turkey are in the\u2026","rel":"","context":"Benzer yaz\u0131","block_context":{"text":"Benzer yaz\u0131","link":""},"img":{"alt_text":"","src":"","width":0,"height":0},"classes":[]},{"id":10884,"url":"https:\/\/adhoc.com.tr\/index.php\/language\/en\/ad_manifest\/","url_meta":{"origin":10889,"position":3},"title":"Ad_manifest","author":"admin","date":"11 Mart 2020","format":false,"excerpt":"\u201cWhat is rational is factual,\u00a0what is factual is relational.\u201d Beyond being a \"research company\", Adhoc is a team of researchers comprising social scientists who feed on researches \u2013 in more precise terms, who establish worlds of meaning with scientific knowledge.\u00a0It is sceptical and curious. It examines the foundations, certainties and\u2026","rel":"","context":"Benzer yaz\u0131","block_context":{"text":"Benzer yaz\u0131","link":""},"img":{"alt_text":"","src":"","width":0,"height":0},"classes":[]},{"id":10879,"url":"https:\/\/adhoc.com.tr\/index.php\/language\/en\/contact-2\/","url_meta":{"origin":10889,"position":4},"title":"Contact","author":"admin","date":"11 Mart 2020","format":false,"excerpt":"Adhoc Research & Consultancy Phone number +902165451567 Mon. - Fri. 10:00 - 18:00 Address Cafera\u011fa Mah. Moda Cad. No: 5 Kad\u0131k\u00f6y - \u0130stanbul E-mail info@adhoc.com.tr Social media @adhocarastirma @adhocarastirma @adhocarastirma","rel":"","context":"Benzer yaz\u0131","block_context":{"text":"Benzer yaz\u0131","link":""},"img":{"alt_text":"","src":"","width":0,"height":0},"classes":[]},{"id":10874,"url":"https:\/\/adhoc.com.tr\/index.php\/language\/en\/models\/","url_meta":{"origin":10889,"position":5},"title":"Models","author":"admin","date":"16 Mart 2020","format":false,"excerpt":"Under construction This page will be avaliable soon.","rel":"","context":"Benzer yaz\u0131","block_context":{"text":"Benzer yaz\u0131","link":""},"img":{"alt_text":"","src":"","width":0,"height":0},"classes":[]}],"_links":{"self":[{"href":"https:\/\/adhoc.com.tr\/index.php\/wp-json\/wp\/v2\/pages\/10889","targetHints":{"allow":["GET"]}}],"collection":[{"href":"https:\/\/adhoc.com.tr\/index.php\/wp-json\/wp\/v2\/pages"}],"about":[{"href":"https:\/\/adhoc.com.tr\/index.php\/wp-json\/wp\/v2\/types\/page"}],"author":[{"embeddable":true,"href":"https:\/\/adhoc.com.tr\/index.php\/wp-json\/wp\/v2\/users\/1"}],"replies":[{"embeddable":true,"href":"https:\/\/adhoc.com.tr\/index.php\/wp-json\/wp\/v2\/comments?post=10889"}],"version-history":[{"count":4,"href":"https:\/\/adhoc.com.tr\/index.php\/wp-json\/wp\/v2\/pages\/10889\/revisions"}],"predecessor-version":[{"id":10893,"href":"https:\/\/adhoc.com.tr\/index.php\/wp-json\/wp\/v2\/pages\/10889\/revisions\/10893"}],"wp:attachment":[{"href":"https:\/\/adhoc.com.tr\/index.php\/wp-json\/wp\/v2\/media?parent=10889"}],"curies":[{"name":"wp","href":"https:\/\/api.w.org\/{rel}","templated":true}]}}